+ -16. Suppose -32 = -4*h - 2*o, -3*h + o + 13 + j = 0. What is the highest common divisor of h and 3?
3
Suppose -5*g + 600 - 245 = 0. Let y = g - 181. Let v be -2 - 0/(-1) - y. Calculate the highest common factor of 12 and v.
12
Suppose 3*l - 4*u + 5*u - 13 = 0, -2*l = -2*u - 22. Suppose -l = 2*f - f. Let b(o) = -o + 1. Let i be b(f). Calculate the greatest common factor of i and 1.
1
Let g = 96 - 24. Calculate the greatest common factor of g and 9.
9
Suppose 5*o + 3*f - 5*f = 1076, -f = o - 218. Calculate the greatest common divisor of o and 24.
24
Suppose -r = 4*b - 21, -4*r - b + 26 = 2. What is the greatest common factor of r and 55?
5
Let l(j) = 19*j**2 + 1. Let t be l(1). Suppose 2*i - 5*y = 10, -5*i - y + t = -i. Suppose -1 = -i*a + 4. What is the greatest common divisor of a and 9?
1
Let z be 1548/5 + 0 - (-4)/10. Calculate the highest common factor of 31 and z.
31
Suppose 4 = -2*a, -3*z + 1 = 2*a - 1. Calculate the highest common divisor of 24 and z.
2
Suppose 7*v = 4*v + 60. What is the highest common factor of v and 60?
20
Let p = 10 - 28. Let v = p + 11. Let f = v + 19. Calculate the greatest common factor of f and 8.
4
Let h = 64 + -39. Suppose g - 20 = -g. What is the highest common factor of g and h?
5
Suppose l + 1 + 1 = 0. Let q = 0 + l. Let t be (1/q)/((-1)/2). What is the highest common factor of t and 11?
1
Suppose 8 = -0*j + 4*j. Calculate the greatest common factor of 22 and j.
2
Let b = -3 + 9. Let x be (-10 - -9)/((-1)/6). Calculate the greatest common divisor of b and x.
6
Let c be ((-4)/(-3))/((-1)/36). Let v = c - -72. What is the highest common divisor of 6 and v?
6
Let z be ((-24)/15)/(8/(-20)). Calculate the highest common divisor of z and 20.
4
Suppose 2*t + 38 - 206 = 0. Calculate the highest common divisor of 12 and t.
12
Suppose -2*i = i - 78. Let d(a) = -3*a**2 - 2*a. Let h be d(2). Let q = h + i. What is the greatest common factor of 2 and q?
2
Let w(n) = n**2 - 7*n + 5. Let g be w(4). Let q(j) = -j**2 - 3*j - 5. Let h be q(g). Let s = 46 + h. What is the greatest common divisor of 39 and s?
13
Suppose 2*v = u - 13, 3*u + 4 = 7. Let r = 7 + v. Calculate the highest common factor of 8 and r.
1
Suppose 0 = -2*t + t + 33. Let c = 5 + -2. Calculate the greatest common factor of c and t.
3
Let x(y) = -y**3 + 2*y**2 + 5*y - 2. Let c be x(3). What is the highest common factor of c and 32?
4
Let q be (-20)/(4*4/(-8)). Calculate the highest common divisor of 70 and q.
10
Let r = 172 - 68. Calculate the greatest common factor of 26 and r.
26
Let r be (1 - -3)/2*1. What is the greatest common divisor of 1 and r?
1
Let v = -5 + 29. Calculate the highest common factor of 96 and v.
24
Suppose 64 = 5*i - 66. Suppose -5*b - 8 = -58. Suppose 0 = -3*v - 2*a + 35, -22 = -2*v + 3*a + b. What is the highest common divisor of v and i?
13
Let m(d) = -9*d**2 - 27*d + 23. Let v(s) = -5*s**2 - 14*s + 12. Let a(l) = 6*m(l) - 11*v(l). Let p be a(9). Calculate the highest common divisor of p and 10.
5
Suppose -3 = -2*x + 15. Suppose 0 = f + y - 70, 5*y - 185 = -4*f + 93. Calculate the highest common divisor of f and x.
9
Suppose -27 - 33 = -5*n. Calculate the highest common divisor of n and 36.
12
Let w = -4 - -5. Let i = 3 + w. Let d be (6/i)/((-2)/(-220)). Calculate the greatest common divisor of d and 15.
15
Suppose 4*z = 3*z + 4. Suppose -z*o + 441 + 219 = 0. Calculate the highest common factor of 15 and o.
15
Suppose d + 402 = 6*d - c, 2*d - 154 = -3*c. What is the highest common factor of 10 and d?
10
Suppose c + 38 = -w + 4*w, 4 = -2*c. Calculate the highest common divisor of w and 48.
12
Let m(z) = -2*z + 12. Let o be m(-24). Calculate the highest common factor of o and 40.
20
Let l(z) = -4*z - 3. Let o be l(-4). Let n(r) = -2*r**2 - 13*r - 2. Let j be n(-5). What is the greatest common factor of o and j?
13
Let z = 2 + 0. Suppose 0 = -2*j + 3*j - 48. Let g = -34 + j. Calculate the highest common divisor of z and g.
2
Let c(k) = k**3 + 7*k**2 + 7*k - 1. Let p be c(-5). Calculate the greatest common divisor of p and 98.
14
Let j = 4 + -2. Suppose j*s + 33 = 5*s. Calculate the highest common divisor of 44 and s.
11
Let l(h) = 17*h**3 + h**2 - h. Suppose 7 - 9 = -2*p. Let i be l(p). Calculate the highest common divisor of 187 and i.
17
Let o = 26 + 1. What is the greatest common factor of 81 and o?
27
Suppose 2*a = -r - 3*r + 54, 0 = -4*r + 3*a + 59. Let y = r + -3. What is the greatest common factor of 121 and y?
11
Let q be -1*(-1)/(-2)*22. Let d = q - -33. Calculate the highest common factor of d and 55.
11
Suppose -d + 3 = -4*r + 8*r, -12 = -r + 2*d. Suppose 56 = 6*v - r*v. Let f be 246/21 - (-4)/v. What is the greatest common divisor of f and 6?
6
Let j be (-6)/15 - (-34)/10. Suppose -4*t + 2*d = -2*d + 8, -j*d = -15. Suppose t*b = 131 + 61. Calculate the greatest common factor of b and 8.
8
Let c be 34/10 - (-18)/(-45). Suppose -2*k + 280 = c*k. What is the greatest common divisor of 8 and k?
8
Let l = -286 - -462. Suppose 0*q - 4*q = -12. Suppose q*j - 31 = 17. What is the highest common divisor of l and j?
16
Let m = 18 - 31. Let i(t) = -t**2 - 15*t + 16. Let n be i(m). What is the highest common factor of n and 14?
14
Suppose 4*y + 164 = -40. Suppose 351 = 3*i + 4*u, -3*u + 32 = 3*i - 319. Let k = y + i. Calculate the greatest common factor of k and 6.
6
Let h(c) = -c**2 - c - 8. Let u be h(0). Let s be (u/(-5) - 2)*-105. Let d = -43 + 64. Calculate the greatest common divisor of d and s.
21
Suppose 2*w + 0*w = 52. Suppose 4*v - 670 + 46 = 0. Calculate the highest common divisor of v and w.
26
Let p be 6 + -2 + 12/3. Suppose 3*o - 7 = -1. Calculate the greatest common factor of o and p.
2
Suppose -4*x = -x. Suppose 10 = f - 4*h, -2*f + x*h - h + 47 = 0. Let p = 340 - 164. Calculate the greatest common divisor of f and p.
22
Let s = 6 + 4. Let l = 6 - 5. Let k(o) = 15*o**2 + o - 1. Let c be k(l). What is the highest common divisor of c and s?
5
Suppose -n = 6*n - 119. What is the highest common divisor of n and 17?
17
Suppose -4*b = -x + 2*x - 240, 2*x - 120 = -2*b. What is the greatest common divisor of 20 and b?
20
Let w = 48 + -28. Let d be (8/w)/((-1)/(-300)). What is the greatest common divisor of d and 12?
12
Let g(v) = v**3 - 2*v**2 + 2. Let d be g(3). Let t(f) = -f**3 + 10*f**2 + 12*f + 1. Let o be t(d). What is the highest common divisor of o and 132?
12
Let s(q) = 62*q + 1. Let o be s(1). Calculate the highest common divisor of o and 9.
9
Let f(u) = 2*u**2 + u - 2. Let d be f(2). Calculate the greatest common factor of d and 88.
8
Suppose -2*n + 10 = -3*y - 3, -2*y = -10. Let j(q) = 3*q**2 - 14*q + 9. Let p be j(9). What is the greatest common factor of p and n?
14
Suppose 5*o + 3*w = 138, 37 = 4*o - w - 70. Suppose 6*t = 3*t + o. Calculate the highest common factor of 36 and t.
9
Let h(n) = -3*n + 1. Let s be (-4)/(-3) + (-8)/(-12). Suppose 0 = d + 3*a - s, -1 = 4*d + a + 2. Let c be h(d). Calculate the greatest common factor of 1 and c.
1
Let u = -36 - -38. Suppose -3*b - 2*b - 69 = -4*i, 3*b + 3 = 0. What is the greatest common divisor of u and i?
2
Suppose b - 94 = -x, 2*x + 3*b - 110 = 82. What is the greatest common divisor of 10 and x?
10
Let a(q) = 4*q**2 - 2*q. Let y be a(2). Let f(s) = -s**3 + s**2 + 2*s + 1. Let u be f(2). Suppose i - 11 = u. Calculate the highest common factor of i and y.
12
Let d = 45 + -20. What is the highest common factor of d and 225?
25
Let o be -2 + 0 + (-5 - -2). Let m = -4 - o. What is the highest common divisor of 7 and m?
1
Let l(u) = -u**2 - 5*u + 4. Let i be l(-6). Let q = -2 - i. Suppose q = -2*x + 10 + 10. Calculate the highest common divisor of x and 10.
10
Let s be 1/1 + 0 - 6. Let i be 68 + (s - 0 - -2). Calculate the highest common factor of 26 and i.
13
Suppose 2*b - 6*b = -612. Let q be (6 - 10/(-1)) + 1. Calculate the greatest common divisor of q and b.
17
Suppose -139 = -5*m - 24. What is the highest common factor of 207 and m?
23
Let a = 277 + -148. Calculate the highest common factor of a and 86.
43
Suppose 0 = -0*a + 4*a. Suppose 0 = t + 3*r + 11, -3*t = -a*t - 4*r - 32. Let k be t/(-18) - 130/(-18). What is the highest common divisor of k and 56?
7
Suppose -127 = -5*k - 2*i, 2*k - 5*i = -0*i + 45. Calculate the greatest common factor of k and 75.
25
Let